or of 2913 and 14208?
3
Calculate the highest common divisor of 24242 and 625022.
1054
Calculate the greatest common factor of 1980 and 4703490.
990
What is the greatest common factor of 919046336 and 1612?
1612
Calculate the greatest common factor of 586568 and 1010990.
646
What is the greatest common factor of 978195204 and 2268?
2268
What is the highest common divisor of 1224 and 389314824?
408
What is the highest common factor of 26 and 69826627?
13
What is the highest common factor of 18372388 and 4?
4
Calculate the greatest common divisor of 888510 and 91210.
70
Calculate the highest common factor of 6635937 and 68103.
483
Calculate the greatest common divisor of 1953 and 24441144.
651
Calculate the highest common factor of 189087 and 6.
3
Calculate the highest common divisor of 8784 and 2435364.
2196
What is the greatest common divisor of 10 and 2157270?
10
Calculate the highest common factor of 1354 and 4948193.
677
Calculate the highest common divisor of 3382 and 86374.
38
Calculate the highest common divisor of 2850 and 3892986.
114
Calculate the greatest common divisor of 3869986080 and 816.
816
What is the greatest common divisor of 1190271511 and 4693?
4693
Calculate the greatest common divisor of 963104 and 1264.
16
Calculate the highest common factor of 532 and 1621676.
28
Calculate the highest common divisor of 7345 and 66820403.
1469
Calculate the greatest common divisor of 87 and 77612497.
29
What is the highest common factor of 584749 and 26129?
901
Calculate the greatest common factor of 1064 and 4210552.
152
Calculate the highest common factor of 11921 and 50786211.
917
Calculate the highest common factor of 2719772 and 7766.
22
What is the greatest common factor of 128 and 167468?
4
What is the greatest common divisor of 1080 and 53741745?
135
What is the highest common factor of 8378559 and 42?
21
What is the greatest common divisor of 267183 and 95823?
63
Calculate the highest common factor of 287588 and 25998.
14
Calculate the highest common factor of 219840 and 690.
30
Calculate the highest common divisor of 324408947 and 794.
397
Calculate the highest common divisor of 463131 and 1820853.
459
Calculate the highest common divisor of 6760 and 3911960.
520
Calculate the greatest common divisor of 3025 and 6845905.
55
Calculate the greatest common factor of 18 and 334744.
2
Calculate the highest common divisor of 445750 and 48000.
250
What is the greatest common divisor of 183574728 and 216?
216
Calculate the highest common divisor of 39726 and 54675.
9
What is the highest common divisor of 8163813 and 427?
427
Calculate the greatest common divisor of 49689703 and 2786.
1393
What is the highest common divisor of 755 and 555227?
151
What is the greatest common factor of 15657 and 4859196?
921
Calculate the greatest common divisor of 258 and 153533994.
258
What is the highest common divisor of 1770584 and 42058?
34
Calculate the highest common divisor of 2376 and 405018.
18
What is the greatest common factor of 77320 and 30600?
40
What is the greatest common divisor of 2681 and 93327142?
383
Calculate the greatest common divisor of 21172492 and 979.
11
What is the greatest common divisor of 35252500 and 400?
100
What is the greatest common factor of 143096100 and 28?
28
What is the highest common divisor of 7359 and 774312?
33
What is the greatest common divisor of 26445 and 3386250?
645
Calculate the greatest common divisor of 8685042 and 30.
6
Calculate the greatest common factor of 17848 and 8637656.
776
Calculate the highest common factor of 9098304 and 768.
192
What is the highest common divisor of 5486700 and 60900?
300
Calculate the highest common factor of 140 and 3789920.
20
What is the highest common factor of 1263 and 132921?
3
Calculate the greatest common factor of 31744230 and 1050.
210
What is the greatest common divisor of 48 and 12084957?
3
What is the greatest common divisor of 5069296 and 33744?
592
Calculate the greatest common divisor of 620 and 21235000.
620
What is the greatest common divisor of 876 and 201284?
4
What is the highest common factor of 2063252037 and 42?
21
What is the greatest common factor of 110 and 58255835?
55
What is the highest common divisor of 2690558 and 26?
26
What is the greatest common divisor of 87922527 and 5397?
5397
What is the highest common divisor of 1263570 and 132?
66
What is the greatest common factor of 836646 and 1201218?
4674
Calculate the greatest common factor of 26574 and 885714.
258
What is the greatest common divisor of 45 and 3429345?
15
Calculate the highest common divisor of 24 and 184213216.
8
What is the greatest common factor of 689012 and 25852?
1124
Calculate the highest common divisor of 4551 and 1335589.
37
What is the greatest common factor of 5187 and 15792686?
1729
Calculate the highest common factor of 189440 and 3529430.
370
What is the highest common divisor of 938 and 27498191?
7
What is the greatest common divisor of 99 and 151432743?
33
What is the greatest common factor of 586 and 13023557?
293
Calculate the highest common factor of 1150593 and 39153.
1263
Calculate the greatest common factor of 31504 and 2336.
16
What is the greatest common factor of 207364 and 40603636?
4412
Calculate the highest common divisor of 70448 and 2262032.
592
What is the greatest common factor of 19252440 and 20?
20
What is the greatest common divisor of 188 and 12180050?
94
What is the greatest common factor of 3886236 and 164?
4
Calculate the highest common factor of 4953 and 31746.
39
What is the greatest common factor of 563897 and 1?
1
Calculate the greatest common divisor of 287356 and 11542.
398
Calculate the highest common factor of 1276926 and 1848.
42
Calculate the greatest common factor of 92 and 90064.
4
Calculate the greatest common factor of 285 and 183913160.
95
What is the greatest common factor of 316820 and 15511160?
4340
Calculate the greatest common divisor of 3774 and 27064.
34
What is the greatest common divisor of 1672 and 13497011?
209
Calculate the greatest common factor of 1456696 and 136.
136
Calculate the highest common divisor of 747 and 136926.
9
What is the highest common divisor of 53259 and 144771?
123
Calculate the greatest common divisor of 1300 and 23543650.
650
What is the greatest common factor of 4039 and 64277223?
577
What is the highest common divisor of 236530 and 7268338?
1526
What is the highest common divisor of 47133429 and 48517?
1673
What is the greatest common divisor of 2 and 16262089?
1
Calculate the highest common factor of 7 and 117422879.
7
What is the greatest common divisor of 102975288 and 599?
599
What is the highest common factor of 2035887 and 12673?
29
What is the highest common factor of 319482 and 234?
18
What is the greatest common divisor of 585716 and 775022?
1618
Calculate the greatest common divisor of 116704 and 447072.
32
What is the greatest common divisor of 337112 and 1736?
8
Calculate the greatest common divisor of 9541263 and 12801.
753
What is the highest common divisor of 1072554880 and 10?
10
Calculate the greatest common factor of 333 and 22692729.
111
Calculate the highest common divisor of 1 and 8267837.
1
What is the greatest common factor of 176 and 1663673?
11
What is the highest common divisor of 1884 and 326772?
12
What is the greatest common divisor of 23711 and 11528?
131
What is the highest common factor of 8240 and 110650840?
4120
Calculate the highest common factor of 3479 and 541891.
49
What is the highest common divisor of 573990 and 6837?
159
Calculate the highest common divisor of 21254148 and 510.
102
Calculate the greatest common factor of 2050 and 215906410.
410
What is the highest common divisor of 24285420 and 1458?
486
Calculate the greatest common divisor of 44 and 736156.
4
Calculate the greatest common factor of 163805 and 94305.
5
What is the highest common divisor of 925206 and 6970?
82
Calculate the highest common factor of 1615599 and 70119.
1431
Calculate the highest common divisor of 790653886 and 33.
11
What is the highest common divisor of 4856 and 4910023?
607
Calculate the greatest common divisor of 6531 and 2034627.
21
Calculate the highest common divisor of 19775 and 8873235.
35
What is the greatest common factor of 1905372 and 16128?
252